-7*m, 3*m = -l - 19. Let x be (-5450)/(-15) - 1/(9/m). What is the units digit of ((-1)/3)/(2 + x/(-180))?
5
Suppose 45*n - 2010 = 1432148 + 925057. What is the thousands digit of n?
2
Let y = 4753 + -2903. Let k = -2716 + 2731. What is the units digit of y/k + 4/6?
4
Let g = 7675 + -2778. What is the hundreds digit of g?
8
Suppose 8 = 9*u - 19. Suppose 0 = -u*d - 25 + 214. Suppose -3*g + 177 = -3*l, -191 - d = -4*g - 2*l. What is the tens digit of g?
6
Let m = 8013 + 1496. What is the hundreds digit of m?
5
Let p be (2/7)/(6/42). Let d(g) = -19 + p*g - g + 2*g + 8*g. What is the tens digit of d(13)?
2
Let r(m) = -m**3 - 17*m**2 - m + 4. Let t be r(-9). Let k = -384 - t. Suppose f + 2 - 50 = 2*y, -5*f - y = -k. What is the tens digit of f?
5
Suppose -t = h - 73, 2*t - 154 = -2*h + 4*t. What is the tens digit of (h - 79)/((-2)/236)?
7
Suppose -y + 10697 = 3*z, 0 = -5*y - z - 2*z + 53449. Let p = 352 - 354. What is the units digit of p/(-6) + y/48?
3
Suppose 2*t + 65 - 17 = 2*q, 5*t - 70 = -5*q. Let b be (19 - q)/(0 + 1). Suppose -4*v + 8*v - 188 = b. What is the tens digit of v?
4
Let q(x) = -5*x + 167. Let w be q(33). What is the hundreds digit of ((-15)/12 + -3)/(w/(-112))?
2
Suppose 0 = 2*i - 114*i + 6957664. What is the units digit of i?
2
Suppose 15272 - 3771 = 7*i. Let j = i - 1070. What is the tens digit of j?
7
Let k(o) = o**2 + 9*o + 8. Suppose 16 = -3*j + 1. Let t be k(j). What is the tens digit of (-4)/t - (-694)/6?
1
Let w(p) = -p**3 + 16*p**2 + 13*p - 11. Suppose -2*h + 68 - 40 = 0. Let z be w(h). Let v = z - 395. What is the units digit of v?
8
Let y(b) = 7*b**3 - 16*b**2 + 33*b - 7. Let a be y(8). Suppose -28*v = -19*v - a. What is the hundreds digit of v?
3
Let u(y) = y - 6. Let l be u(0). Let c be 216 - 4/l*6. Suppose -5*r = -0*r - c. What is the tens digit of r?
4
Suppose 146*y + 2103454 = 7203089 + 3914989. What is the units digit of y?
4
Let u be -18*5*(-80)/120. What is the thousands digit of -48*((-2106)/u + 2/(-5))?
1
Let g(i) = -19*i + 44. Let q be g(2). What is the hundreds digit of 9/q + (-571)/(-2)?
2
Let l(p) = 38*p**2 - p + 3. Let z be (-1 + 0 + (-1 - -2))*-1. Suppose 6*h - 3 - 9 = z. What is the units digit of l(h)?
3
Let q(v) = v**3 - 22*v**2 + 109*v + 18. What is the thousands digit of q(34)?
7
Let m(q) = -q**2 - 6*q + 18. Let y be m(-7). Suppose 0 = -y*b - b + 9024. What is the tens digit of b?
5
Suppose 15*n - 134707 = 133388 + 38415. What is the thousands digit of n?
0
Let i(x) = -11*x**2 + 9*x - 195. Let c be i(10). Let j = c - -1806. What is the hundreds digit of j?
6
Let s be (-434)/(-14)*(0 - (-14 + 0)). Suppose b - 392 = 3*k, 0 = 5*b - 3*k - 1526 - s. What is the hundreds digit of b?
3
Let s = 59 - 56. Suppose d - s = 2*z - 0, -3 = -z - d. Suppose 0 = 2*j + 4, -3*i + 241 = -z*j + j. What is the tens digit of i?
8
Let r be (8/(-6))/((-10)/15). Suppose -5*w = 4*x + 30, -x = r*x - 3*w + 9. What is the tens digit of ((-4)/x)/(26/3445)?
0
Let t(j) = -2*j**3 + j**2 - 2*j - 12. Let w(v) = -v**3 + 2*v**2 - v - 2. Let b be (4 - (-1)/(-1)) + 10/(-10). Let l be w(b). What is the tens digit of t(l)?
4
Let q(x) = 9*x + 4 + 103*x**2 + 0 - 203*x**2 - 2*x**3 + 130*x**2. What is the units digit of q(15)?
9
What is the tens digit of (-60)/140 - 3712978/(-154) - 2/(-11)?
1
Let p(t) = -t**2 - t + 156. Suppose 0 = -5*c + f - 3*f + 21, 4*f + 18 = 2*c. Suppose 3*m = 3*b - 3, c*b - 2*b = -4*m - 4. What is the units digit of p(b)?
6
Suppose 21*i = 15*i + 198. Let z = i + -42. What is the units digit of 2 - 780/z - 18/27?
8
Let k(v) = -v - 9. Let w be k(-9). Let f be (-25)/(-9) + w - (-16)/72. Suppose 0 = -z + f*x + 22, -4*z + x + 54 = z. What is the tens digit of z?
1
Let k(u) = -3*u**3 - u**2 - 7*u + 91. What is the thousands digit of k(-13)?
6
Let d(q) = q**3 - 15*q**2 + 2*q - 9. Let a be 91/6 - 1*(-3)/(-18). Let r be d(a). What is the units digit of 56*(2 - 3 - (-57)/r)?
6
Let c be -3 - (4 - 3) - -22. Let i = -17 + c. What is the tens digit of i/2*(5 - -125)?
6
What is the hundreds digit of (18 - (-176473)/33)/((-1)/(-3))?
0
Let x(v) = 135*v**2 - 14*v + 776. What is the ten thousands digit of x(14)?
2
Let h = 801 + -521. Suppose 2*g - 108 = -3*n, 0*n - 3*g = 4*n - 145. Suppose h = n*l - 30*l. What is the tens digit of l?
7
Let z = -29330 - -41713. What is the tens digit of z?
8
Suppose 0 = -4*j - v + 124429, 3*j - 93312 = -27*v + 23*v. What is the hundreds digit of j?
1
Let g(o) = 5*o + 72. Let d be g(-18). Let v be -2 - -3*(-156)/d. Suppose 4*b - 10 = -2*s + v, 5*s = 4*b + 127. What is the tens digit of s?
2
Suppose 780390 = 10*o - 10*o + 58*o. What is the units digit of o?
5
Suppose -2*t = 10, 0 = -5*u - 2*t + 14*t + 5760. What is the tens digit of u?
4
Let r be (-3)/(-4 + 206/20 + -6). Let a(t) = -t**3 + 2*t**2 + 30*t + 15. What is the tens digit of a(r)?
1
Suppose 0 = 15*f - 68*f + 255368 + 968508. What is the ten thousands digit of f?
2
Suppose 4*w + 5*q - 3818 = 0, 16*w - 3*q = 21*w - 4779. What is the tens digit of w?
5
Let r(b) = -b**3 + 31*b**2 - 115*b + 245. What is the units digit of r(14)?
7
Suppose -88*f + 225649 - 11850 = -190561. What is the hundreds digit of f?
5
What is the tens digit of (1980/(-250)*-1 - 12/(-150)) + 18133?
4
Let f(g) = g + 54. Let c(l) = 2*l**2 - 15*l + 9. Let w be c(8). Let v be w*(0 - -4)/4. What is the units digit of f(v)?
1
Suppose 4*i - 5*g = 10235, 3*i - 4*g - 7679 = -3*g. Suppose -5*y - 4*f + 401 = -2129, 2*f = 5*y - i. What is the tens digit of y?
1
Let f(q) = -338*q - 4710. What is the thousands digit of f(-28)?
4
Let q(p) = -20*p - 44. Let k be (-4 + -24)/(-7)*(0 + -1). What is the units digit of q(k)?
6
Let i be (-6)/(-4)*-2 + (-22)/(-1). Let w = 26 - i. Suppose w*d = 3*d + 348. What is the tens digit of d?
8
Suppose 10*z - 1296 = -396. Suppose h + 0*n = 3*n + 40, -2*n + 200 = 5*h. Let r = z - h. What is the tens digit of r?
5
Let c(a) = -116*a**3 - 12*a**2 - 6*a - 13. What is the tens digit of c(-5)?
1
What is the ten thousands digit of 1/3*(399/21 + 96563)?
3
Let u = 12334 + -6463. What is the hundreds digit of u?
8
Suppose 0 = -64*x + 258476 + 694356. What is the units digit of x?
8
Let m(r) = 439*r**2 - 267*r + 2087. What is the thousands digit of m(8)?
8
What is the thousands digit of (1/(6/9))/((-6)/(-12832))?
3
Let r = 4 + 0. Let c = -3332 + 3312. What is the tens digit of 635/r - (1 + c/16)?
5
Suppose 4*k = -6 + 14. Suppose 4*q - 3*r = 24, 0*q - 3*r - 18 = -k*q. What is the hundreds digit of (-1045)/(-7) - q*(-12)/(-126)?
1
Let u(r) = -2158*r**3 - 6*r**2 - 12*r - 7. What is the thousands digit of u(-2)?
7
Let x = 269 + -399. Let r = x - -273. What is the tens digit of r?
4
Let d(c) = 23*c**2 - 21*c + 85. Let q be d(5). Let i = q - 250. What is the units digit of i?
5
Let j = 8 - -30. Let x = -8 + j. Let i = x - 7. What is the tens digit of i?
2
Let m(k) = -10517*k - 777. What is the ten thousands digit of m(-2)?
2
Let q = 56 - 58. Let g be 611 + -1 + (-6 - (-1 + q)). Suppose j + f = -4*j + g, -4*f = -4*j + 476. What is the tens digit of j?
2
Let x(d) = d**3 + 9*d**2 + 10*d - 1. Let q be x(-7). Suppose 0*u + 3*u = -q. What is the tens digit of 2/6 - (-555)/u*-1?
6
Let h = -78157 + 117693. What is the thousands digit of h?
9
Let t(n) = 25*n - 12. Let j = -107 - -109. Let b be -4 + (-24)/(-3) + j. What is the units digit of t(b)?
8
Suppose -13*k - 29977 = 6241. Let h = k - -3933. What is the tens digit of h?
4
Let i(j) = 80*j**2 - j - 1. Let l be i(-1). Let x = 4834 + -4830. Suppose x*t = l + 180. What is the tens digit of t?
6
Let u(j) = 249*j + 1707. What is the units digit of u(43)?
4
Let f(z) = 21*z - 11. Let w(b) = -22*b + 12. Let d(j) = 2*f(j) + 3*w(j). Let i = -925 - -920. What is the tens digit of d(i)?
3
What is the ten thousands digit of (-124)/(-682) - (-214630)/11?
1
Let s be (-458)/(-14) - 10/(-35). Suppose -4*u - 74 = 2. Let t = s - u. What is the tens digit of t?
5
Let h(q) = 99*q - 98 - 6 - 77*q + 73*q + 54*q. What is the tens digit of h(4)?
9
Let a(m) = 51*m - 27. Let p(l) = -25*l + 13. Let j(f) = 2*a(f) + 5*p(f). What is the tens digit of j(-12)?
8
Let w = 25907 + -12347. What is the units digit of w?
0
Suppose -59*u - 303446 = -935808. What is the hundreds digit of u?
7
Let u(k) = 4610*k**2 - 5*k + 24. What is the thousands digit of u(3)?
1
Let q = -63